e prime factors of 654158?
2, 327079
List the prime factors of 23167.
23167
List the prime factors of 3577.
7, 73
List the prime factors of 114816.
2, 3, 13, 23
What are the prime factors of 962967?
3, 41, 7829
List the prime factors of 1165246.
2, 582623
What are the prime factors of 105006?
2, 3, 11, 37, 43
What are the prime factors of 25476375?
3, 5, 41, 1657
List the prime factors of 853373.
137, 6229
List the prime factors of 32946493.
17, 41, 47269
List the prime factors of 2179210.
2, 5, 11, 1801
What are the prime factors of 1033791?
3, 11, 31327
What are the prime factors of 558905?
5, 111781
What are the prime factors of 634616?
2, 23, 3449
What are the prime factors of 1680744?
2, 3, 13, 5387
What are the prime factors of 205322?
2, 13, 53, 149
List the prime factors of 701823.
3, 233941
What are the prime factors of 20852701?
20852701
List the prime factors of 2882339.
29, 99391
What are the prime factors of 1131630?
2, 3, 5, 67, 563
What are the prime factors of 1984027?
787, 2521
What are the prime factors of 1353212?
2, 7, 31, 1559
List the prime factors of 19608559.
43, 456013
List the prime factors of 1835791.
23, 79817
List the prime factors of 8730401.
17, 1777
List the prime factors of 9324480.
2, 3, 5, 11, 883
What are the prime factors of 228709?
13, 73, 241
What are the prime factors of 10790332?
2, 7, 83, 4643
What are the prime factors of 1839687?
3, 613229
What are the prime factors of 337972?
2, 19, 4447
List the prime factors of 415882.
2, 207941
What are the prime factors of 21810036?
2, 3, 881, 2063
List the prime factors of 3734882.
2, 937, 1993
List the prime factors of 13546115.
5, 11, 163, 1511
List the prime factors of 5122347.
3, 31, 55079
List the prime factors of 999152.
2, 7, 11, 811
List the prime factors of 3193913.
3193913
List the prime factors of 13281611.
7, 67, 28319
What are the prime factors of 251511?
3, 13, 6449
List the prime factors of 371986.
2, 185993
List the prime factors of 1267153.
61, 20773
What are the prime factors of 15975370?
2, 5, 683, 2339
What are the prime factors of 105092?
2, 13, 43, 47
What are the prime factors of 6890027?
19, 362633
List the prime factors of 16733114.
2, 199, 42043
List the prime factors of 36922994.
2, 1787, 10331
What are the prime factors of 217309?
217309
What are the prime factors of 12341558?
2, 17, 362987
List the prime factors of 173164.
2, 43291
List the prime factors of 26360104.
2, 3295013
List the prime factors of 1954844.
2, 488711
What are the prime factors of 84696?
2, 3, 3529
What are the prime factors of 1226623?
1226623
List the prime factors of 5989478.
2, 11, 272249
List the prime factors of 2168190.
2, 3, 5, 24091
What are the prime factors of 1522205?
5, 167, 1823
What are the prime factors of 5264048?
2, 31, 10613
What are the prime factors of 11824628?
2, 2956157
List the prime factors of 4568814.
2, 3, 253823
List the prime factors of 171189.
3, 23, 827
List the prime factors of 5695420.
2, 5, 223, 1277
List the prime factors of 5440224.
2, 3, 61, 929
List the prime factors of 3183598.
2, 11, 144709
List the prime factors of 1415245.
5, 13, 21773
List the prime factors of 25980043.
73, 355891
List the prime factors of 317435.
5, 63487
What are the prime factors of 5183752?
2, 7, 92567
What are the prime factors of 113633?
13, 8741
What are the prime factors of 3082185?
3, 5, 17, 79
List the prime factors of 445199.
445199
List the prime factors of 7457308.
2, 491, 3797
What are the prime factors of 783245?
5, 43, 3643
What are the prime factors of 22240605?
3, 5, 1482707
What are the prime factors of 52338?
2, 3, 11, 13, 61
List the prime factors of 30124861.
13, 19, 121963
List the prime factors of 644598.
2, 3, 23, 173
What are the prime factors of 2469804?
2, 3, 205817
What are the prime factors of 372732?
2, 3, 89, 349
List the prime factors of 1284696.
2, 3, 7, 2549
List the prime factors of 12527506.
2, 6263753
List the prime factors of 1014755.
5, 7, 79, 367
What are the prime factors of 3641?
11, 331
List the prime factors of 82674.
2, 3, 1531
What are the prime factors of 331429?
7, 113, 419
What are the prime factors of 146411?
41, 3571
What are the prime factors of 75163?
11, 6833
What are the prime factors of 910237?
37, 73, 337
List the prime factors of 146574.
2, 3, 17, 479
List the prime factors of 731670.
2, 3, 5, 29
List the prime factors of 227867.
19, 67, 179
What are the prime factors of 2057165?
5, 11, 113, 331
What are the prime factors of 4029180?
2, 3, 5, 67153
List the prime factors of 21493858.
2, 10746929
What are the prime factors of 9931716?
2, 3, 275881
List the prime factors of 2574946.
2, 11, 117043
List the prime factors of 198682.
2, 11, 821
What are the prime factors of 914399?
29, 31531
What are the prime factors of 1049544?
2, 3, 43, 113
What are the prime factors of 5726777?
7, 73, 1601
List the prime factors of 22047207.
3, 7, 13, 83, 139
List the prime factors of 627929.
17, 43, 859
List the prime factors of 895543.
11, 17, 4789
What are the prime factors of 2099430?
2, 3, 5, 23327
What are the prime factors of 2557156?
2, 7, 271, 337
List the prime factors of 2073656.
2, 13, 127, 157
What are the prime factors of 1549735?
5, 11, 19, 1483
List the prime factors of 10502376.
2, 3, 37, 11827
List the prime factors of 3832480.
2, 5, 17, 1409
What are the prime factors of 381405?
3, 5, 47, 541
List the prime factors of 217201.
217201
What are the prime factors of 4870407?
3, 257, 6317
List the prime factors of 3873060.
2, 3, 5, 21517
List the prime factors of 2263023.
3, 7, 17, 2113
List the prime factors of 5563853.
29, 173, 1109
What are the prime factors of 7009702?
2, 7, 500693
List the prime factors of 503680.
2, 5, 787
What are the prime factors of 929120?
2, 5, 5807
List the prime factors of 23391513.
3, 419, 6203
List the prime factors of 173203.
379, 457
List the prime factors of 773209.
773209
What are the prime factors of 64665?
3, 5, 479
What are the prime factors of 3689955?
3, 5, 3037
List the prime factors of 223292.
2, 55823
What are the prime factors of 186586?
2, 29, 3217
List the prime factors of 31201.
41, 761
What are the prime factors of 14016659?
14016659
What are the prime factors of 18118215?
3, 5, 103, 1303
List the prime factors of 5853889.
5853889
List the prime factors of 5104652.
2, 7, 182309
List the prime factors of 1056759.
3, 11, 31, 1033
List the prime factors of 382680.
2, 3, 5, 1063
What are the prime factors of 75238?
2, 37619
List the prime factors of 26385316.
2, 43, 179, 857
List the prime factors of 1056689.
23, 45943
List the prime factors of 4840404.
2, 3, 311, 1297
List the prime factors of 33179693.
719, 46147
List the prime factors of 638369.
239, 2671
List the prime factors of 2083433.
11, 37, 5119
List the prime factors of 279900.
2, 3, 5, 311
List the prime factors of 1376192.
2, 21503
List the prime factors of 2403434.
2, 11, 107, 1021
What are the prime factors of 350803?
350803
List the prime factors of 24680231.
59, 563, 743
What are the prime factors of 256506?
2, 3, 42751
What are the prime factors of 387537?
3, 101, 1279
List the prime factors of 4778774.
2, 7, 11, 13, 31
List the prime factors of 564982.
2, 11, 61, 421
What are the prime factors of 246025?
5, 13, 757
List the prime factors of 566416.
2, 35401
List the prime factors of 338566.
2, 169283
What are the prime factors of 274731?
3, 91577
List the prime factors of 2004413.
293, 6841
What are the prime factors of 13539346?
2, 29, 233437
List the prime factors of 5989729.
17, 23, 15319
What are the prime factors of 1700123?
107, 15889
What are the prime factors of 476256?
2, 3, 11, 41
List the prime factors of 18271346.
2, 157, 58189
List the prime factors of 2594883.
3, 23, 37607
What are the prime factors of 10192027?
17, 79, 7589
What are the prime factors of 3956186?
2, 13, 59, 2579
List the prime factors of 676456.
2, 11, 7687
What are the prime factors of 314019?
3, 23, 37, 41
What are the prime factors of 3022662?
2, 3, 503777
What are the prime factors of 153735?
3, 5, 37, 277
List the prime factors of 12786733.
149, 85817
List the prime factors of 1507143.
3, 11, 109, 419
List the prime factors of 885244.
2, 221311
List the prime factors of 27494.
2, 59, 233
List the